hat is 2501 (base 6) in base 12?
431
What is -1636 (base 7) in base 2?
-1010011000
What is 6b5b (base 16) in base 6?
331123
Convert 998 (base 10) to base 7.
2624
Convert -2a7b (base 14) to base 4.
-1312011
What is -1111 (base 6) in base 3?
-100121
What is 44430 (base 6) in base 7?
24051
What is 5bca (base 14) in base 8?
37266
Convert 2013132 (base 5) to base 9.
48260
5052 (base 13) to base 10
11052
-11425 (base 7) to base 11
-2250
Convert -32 (base 13) to base 12.
-35
-18692 (base 12) to base 6
-432302
Convert 365 (base 13) to base 5.
4330
-4634 (base 9) to base 8
-6551
Convert -135102 (base 8) to base 7.
-256005
Convert -d2d (base 14) to base 15.
-b79
What is -11210 (base 7) in base 12?
-1795
What is 48c (base 15) in base 13?
615
What is -776 (base 8) in base 10?
-510
1270 (base 8) to base 16
2b8
317 (base 8) to base 16
cf
23420 (base 6) to base 16
d44
What is 2910 (base 10) in base 5?
43120
-412232 (base 5) to base 11
-a110
What is 8067 (base 9) in base 7?
23116
Convert a219 (base 16) to base 7.
231661
4134 (base 7) to base 11
10a5
Convert -32b3 (base 13) to base 6.
-52431
What is -9835 (base 10) in base 13?
-4627
What is 4b13 (base 13) in base 8?
24647
Convert 1341 (base 5) to base 16.
dd
Convert -86 (base 10) to base 4.
-1112
403333 (base 7) to base 3
10110212101
-243241 (base 6) to base 13
-9a15
What is 3366 (base 10) in base 13?
16bc
403 (base 10) to base 2
110010011
-2878 (base 9) to base 10
-2177
What is -33020 (base 4) in base 16?
-3c8
What is 1519 (base 11) in base 2?
11110100100
Convert 121021002 (base 3) to base 9.
17232
Convert 121057 (base 8) to base 9.
62852
Convert -23492 (base 12) to base 3.
-2101221102
Convert -10100001100 (base 2) to base 7.
-3524
What is 150 (base 7) in base 11?
77
What is -660 (base 8) in base 10?
-432
-2362 (base 8) to base 9
-1656
-4344 (base 11) to base 10
-5735
What is -3982 (base 12) in base 13?
-2cc0
Convert 5a94 (base 12) to base 4.
2133100
What is 28ab (base 12) in base 9?
6445
What is -41403 (base 5) in base 2?
-101010101000
Convert 220b (base 13) to base 9.
6450
Convert 327 (base 11) to base 5.
3032
221002200 (base 3) to base 14
694d
What is -21335 (base 6) in base 7?
-11366
6875 (base 10) to base 6
51455
What is 51402 (base 6) in base 10?
6842
3623 (base 7) to base 9
1748
27d (base 16) to base 11
52a
2003 (base 7) to base 3
221112
Convert 4756 (base 12) to base 14.
2ca6
What is -5355 (base 7) in base 12?
-1126
What is -36b (base 15) in base 16?
-308
What is 221544 (base 6) in base 14?
6aa4
1508 (base 9) to base 10
1142
5abc (base 13) to base 7
52256
What is -51b (base 14) in base 3?
-1101020
What is -40200 (base 5) in base 15?
-b50
Convert -323231 (base 4) to base 14.
-156d
-431 (base 13) to base 10
-716
What is 10435 (base 7) in base 5?
40443
Convert 1732 (base 8) to base 2.
1111011010
What is -ca22 (base 16) in base 10?
-51746
-110001000011011 (base 2) to base 4
-12020123
What is 9815 (base 12) in base 5?
1013341
What is -121021101 (base 3) in base 14?
-4475
821 (base 12) to base 3
1121121
1b62 (base 13) to base 15
135b
What is 1156 (base 11) in base 6?
11001
-11201111 (base 3) to base 9
-4644
Convert 254212 (base 6) to base 13.
a5c5
What is 5772 (base 8) in base 3?
11012120
-79b7 (base 13) to base 7
-100465
122021 (base 3) to base 6
2054
What is 2001120 (base 3) in base 5?
22000
-223132 (base 4) to base 8
-5336
-1223 (base 8) to base 12
-46b
-1000000111111 (base 2) to base 15
-1374
-10260 (base 7) to base 11
-1a00
110211 (base 3) to base 11
295
What is 7047 (base 9) in base 7?
21001
b6bc (base 13) to base 7
133603
Convert 100121 (base 4) to base 6.
4505
What is 2270 (base 9) in base 6?
11443
Convert 8618 (base 12) to base 11.
10061
What is -2396 (base 11) in base 4?
-300322
What is 230 (base 16) in base 9?
682
74 (base 13) to base 2
1011111
Convert -1285 (base 9) to base 7.
-2552
What is 11010111111000 (base 2) in base 14?
506c
What is -5d1 (base 15) in base 14?
-6a5
What is -a74 (base 11) in base 8?
-2413
What is -2222023 (base 4) in base 14?
-3d7d
-25134 (base 7) to base 9
-10033
What is -1201343 (base 5) in base 2?
-101011001010010
Convert 35012 (base 7) to base 3.
110020122
221 (base 7) to base 2
1110001
-200310 (base 4) to base 9
-2783
-12 (base 10) to base 2
-1100
Convert -549 (base 13) to base 3.
-1020120
-2301 (base 4) to base 9
-216
Convert -1110100111 (base 2) to base 5.
-12220
What is -435 (base 13) in base 16?
-2d0
What is -259a (base 11) in base 10?
-3376
Convert 2862 (base 11) to base 13.
18b6
What is -20d (base 16) in base 14?
-297
-553 (base 7) to base 12
-1b7
-1798 (base 10) to base 4
-130012
Convert -13322 (base 4) to base 3.
-200202
What is 110111000001 (base 2) in base 14?
13d7
Convert b15a (base 13) to base 12.
12163
What is 58 (base 10) in base 6?
134
-1a2d (base 14) to base 7
-16556
Convert -961 (base 10) to base 15.
-441
-2433201 (base 5) to base 12
-22797
Convert 219 (base 15) to base 4.
13122
-152102 (base 7) to base 5
-1421144
What is -bc4 (base 16) in base 13?
-14a9
What is -16646 (base 12) in base 4?
-13310112
What is 2778 (base 9) in base 2?
100000110000
Convert 1910 (base 10) to base 5.
30120
Convert 184 (base 15) to base 12.
251
Convert 22460 (base 7) to base 16.
165e
-341402 (base 6) to base 11
-1a76a
Convert -1000010011110 (base 2) to base 8.
-10236
Convert 222301 (base 4) to base 14.
dd7
114130 (base 5) to base 7
15336
1670 (base 8) to base 11
796
What is 8577 (base 11) in base 6?
124253
Convert -1112210210 (base 3) to base 10.
-30477
20331220 (base 4) to base 13
13930
What is -41891 (base 10) in base 12?
-202ab
Convert 50231 (base 8) to base 3.
1001022012
Convert -146 (base 8) to base 14.
-74
What is -311 (base 16) in base 7?
-2201
Convert 139 (base 14) to base 2.
11110111
What is -5185 (base 10) in base 2?
-1010001000001
What is 431232 (base 5) in base 14?
5447
What is -42265 (base 8) in base 9?
-26113
246 (base 14) to base 8
706
-2abb0 (base 12) to base 6
-1143540
5a77 (base 11) to base 7
32114
Convert -34720 (base 8) to base 13.
-6976
Convert -a77 (base 14) to base 3.
-2211111
Convert 11210 (base 4) to base 14.
1b6
-6b97 (base 15) to base 7
-123445
-100220 (base 3) to base 8
-413
-9b68 (base 12) to base 2
-100001101000000
What is -791 (base 14) in base 6?
-10535
Convert -176 (base 9) to base 2.
-10010110
-24140 (base 5) to base 15
-7ea
What is -191 (base 11) in base 9?
-265
What is -1b28 (base 13) in base 10?
-4090
-2a77 (base 11) to base 15
-128b
Convert -14649 (base 10) to base 14.
-54a5
What is -12164 (base 8) in base 7?
-21160
What is 12d7 (base 15) in base 4?
332323
Convert 13413 (base 5) to base 11.
918
-39a (base 12) to base 9
-671
-2da4 (base 16) to base 3
-121000202
What is 178 (base 10) in base 16?
b2
What is 11120 (base 4) in base 10?
344
Convert 524 (base 11) to base 14.
331
Convert -1101100111101 (base 2) to base 6.
-52141
What is -1011011101111111 (base 2) in base 8?
-133577
11000100 (base 2) to base 15
d1
100101000000100 (base 2) to base 5
1101243
Convert -113300 (base 5) to base 10.
-4200
3304 (base 12) to base 3
21201011
Convert 103221 (base 4) to base 2.
10011101001
Convert -14853 (base 9) to base 4.
-2132331
Convert -334031 (base 5) to base 12.
-6986
What is -5772 (base 8) in base 11?
-2338
What is -11101101100 (base 2) in base 12?
-1124
What is 1090 (base 10) in base 9?
1441
31c (base 16) to base 10
796
Convert -1cc (base 13) to base 14.
-1a1
10010000011 (base 2) to base 16
483
Convert -3152 (base 8) to base 3.
-2020211
-1443 (base 7) to base 16
-23a
-232144 (base 7) to base 4
-22021300
Convert -124 (base 10) to base 4.
-1330
39777 (base 10) to base 8
115541
What is -5624 (base 9) in base 10?
-4153
Convert 50341 (base 6) to base 2.
1100111010101
What is -110100011101 (base 2) in base 15?
-edc
Convert -10606 (base 7) to base 13.
-12ca
Convert 3623 (base 7) to base 13.
7c1
-35e (base 15) to base 14
-3c8
What is 17f7 (base 16) in base 13?
2a3c
-233 (base 11) to base 5
-2103
-3 (base 14) to base 4
-3
Convert b13c (base 13) to base 16.
5f43
Convert 46 (base 8) to base 4.
212
What is a12 (base 12) in base 4?
112232
Convert 2024 (base 5) to base 15.
129
What is 122 (base 7) in base 2?
1000001
Convert 572 (base 10) to base 15.
282
What is -ed (base 16) in base 10?
-237
What is -4253 (base 7) in base 15?
-6a8
-2359 (base 12) to base 13
-1